c) = -2*c**3 + 33*c**2 - 101*c + 4. Calculate x(9).
310
Let n(t) = -2*t**3 - 9*t**2 - 9*t + 103. Calculate n(5).
-417
Let z(u) = -u**3 + 11*u**2 - 10*u + 227. What is z(12)?
-37
Let w(p) = -p**3 - 32*p**2 + 44*p + 1516. Determine w(-32).
108
Let s(x) = -118*x - 377. Give s(-3).
-23
Let p(h) = -205*h + 5124. Calculate p(25).
-1
Let r(b) = 112*b**2 + 818*b + 237. Determine r(-7).
-1
Let t(a) = -6*a**2 - 117*a + 4. Give t(-22).
-326
Let z(o) = -o**3 + 54*o**2 - 506*o + 15. Calculate z(12).
-9
Let u(x) = -5*x**2 + 38*x + 299. Calculate u(-7).
-212
Let c(u) = 12*u**3 - 95*u**2 - u - 67. What is c(8)?
-11
Let d(h) = -h**3 + 16*h**2 - 55*h + 67. Calculate d(11).
67
Let v(m) = -5*m**3 - 41*m**2 - 42*m - 4. Determine v(-7).
-4
Let w(j) = 7*j**2 + 99*j + 161. Calculate w(-14).
147
Let b(z) = -2*z**2 + 24*z - 20. Give b(13).
-46
Let m(d) = -5*d**2 + 79*d - 150. What is m(13)?
32
Let q(k) = -29*k - 681. Determine q(-21).
-72
Let r(o) = -o**2 - 29*o + 221. Calculate r(16).
-499
Let k(r) = -121*r + 26. Give k(1).
-95
Let k(s) = -2*s**3 + 3*s**2 + 10*s - 72. Calculate k(5).
-197
Let s(t) = 37*t - 856. Determine s(21).
-79
Let u(o) = 201*o - 1699. Calculate u(8).
-91
Let a(z) = -42*z**2 - 1424*z + 1615. What is a(-35)?
5
Let w(p) = 3*p**3 - 9*p**2 - 2*p + 2. Calculate w(3).
-4
Let q(z) = 13*z + 251. Calculate q(-23).
-48
Let a(o) = 15*o - 1164. Give a(78).
6
Let z(b) = 3*b + 6. What is z(32)?
102
Let s(y) = 59*y + 7. Give s(4).
243
Let t(n) = -n**2 + 80*n - 689. Determine t(48).
847
Let u(i) = 6*i**2 - 166*i + 175. Determine u(28).
231
Let b(n) = -2*n**3 - 60*n**2 + 47*n + 1439. What is b(-30)?
29
Let n(u) = 3*u**2 - 51*u + 216. Calculate n(7).
6
Let a(m) = -637*m - 1274. Calculate a(-2).
0
Let s(v) = -v**2 + 33*v + 165. Give s(-4).
17
Let g(n) = 21*n + 1273. Give g(-59).
34
Let o(s) = -4*s**3 - 185*s**2 - 40*s + 243. What is o(-46)?
-33
Let z(w) = w**2 - 20*w - 129. Determine z(-5).
-4
Let j(n) = -9604*n - 57624. Calculate j(-6).
0
Let m(n) = 3*n**3 + 14*n**2 + 37*n + 129. What is m(-5)?
-81
Let l(j) = 54*j - 2299. What is l(43)?
23
Let v(f) = -2*f**3 + 7*f**2 - 26*f + 48. What is v(3)?
-21
Let k(g) = -g**2 + 2*g + 52. Give k(14).
-116
Let a(l) = -l**2 + 17*l - 62. Give a(10).
8
Let w(x) = -x**3 + 10*x**2 + 118*x + 4. Give w(-7).
11
Let i(b) = -50*b + 39. Calculate i(-3).
189
Let f(l) = 1841*l - 3683. What is f(2)?
-1
Let n(o) = -o**3 + 12*o**2 - 49*o + 87. Calculate n(7).
-11
Let s(q) = q**2 - 81*q - 4357. Determine s(-37).
9
Let m(d) = -12*d + 230. Calculate m(-31).
602
Let x(k) = 109*k - 222. Give x(2).
-4
Let a(l) = 513*l - 22055. Give a(43).
4
Let n(s) = 3*s**2 + 74*s + 421. Calculate n(-8).
21
Let i(u) = u**3 + 7*u**2 + 78*u + 339. What is i(-5)?
-1
Let r(s) = -2*s**2 + 197*s - 97. Calculate r(98).
1
Let o(z) = 25*z. Give o(-13).
-325
Let i(a) = -2*a**3 - 79*a**2 + 565*a - 6. Give i(7).
-608
Let i(j) = -81*j - 1785. What is i(-22)?
-3
Let j(t) = -3*t**3 - 57*t**2 - 12*t + 745. Determine j(-18).
-11
Let g(r) = 4*r**2 - 8*r - 81. What is g(7)?
59
Let k(t) = -144*t + 1194. Give k(9).
-102
Let k(v) = -v**3 + 4*v**2 + 13*v - 68. Calculate k(4).
-16
Let d(q) = -26*q**2 - 51*q - 18. What is d(-2)?
-20
Let u(q) = 104*q + 692. Give u(-7).
-36
Let n(d) = 4809*d + 19213. What is n(-4)?
-23
Let w(s) = -s**3 - 43*s**2 - 236*s + 105. Calculate w(-7).
-7
Let m(v) = -2*v**2 - 316*v + 950. Give m(-161).
-16
Let j(s) = 41*s - 534. What is j(13)?
-1
Let a(b) = 90*b**2 + 555*b + 117. Give a(-6).
27
Let u(o) = 2*o**3 - 28*o**2 + 82*o - 722. Give u(13).
6
Let i(s) = -50*s - 480. Calculate i(-10).
20
Let u(m) = -m**3 + 13*m**2 + 4*m - 55. Calculate u(13).
-3
Let a(j) = -235*j + 1643. Determine a(7).
-2
Let m(r) = -r**2 + 58*r - 629. Give m(38).
131
Let q(c) = 8*c**3 - 93*c**2 - 39*c + 42. Calculate q(12).
6
Let j(y) = 286*y + 4135. Calculate j(-15).
-155
Let x(y) = -100*y**2 + 599*y - 39. Calculate x(6).
-45
Let n(p) = -p**3 - 28*p**2 - 22*p - 77. Calculate n(-27).
-212
Let y(d) = 44*d**3 - 662*d**2 + 18*d + 2. Calculate y(15).
-178
Let m(w) = -53*w + 7795. What is m(147)?
4
Let d(z) = -35*z + 300. What is d(8)?
20
Let n(c) = 1392*c + 161481. Determine n(-116).
9
Let l(y) = 9*y**3 - 51*y**2 - 9*y - 60. Determine l(6).
-6
Let q(i) = 2*i**2 + 107*i + 969. Give q(-42).
3
Let z(y) = y**2 + 61*y + 860. Give z(-21).
20
Let p(t) = -2*t**3 - 11*t**2 - 20*t - 161. Calculate p(-6).
-5
Let s(o) = o**3 + 72*o**2 - 27*o + 3340. Determine s(-73).
-18
Let c(w) = w**2 + 4*w + 26. Calculate c(-15).
191
Let i(j) = -j**3 + 35*j**2 + 72*j + 114. Calculate i(37).
40
Let q(r) = -r**3 + 20*r**2 + 58*r - 313. What is q(22)?
-5
Let w(r) = -r**2 + 14*r + 24. Calculate w(-4).
-48
Let c(x) = x**2 + 150*x + 2916. Give c(-127).
-5
Let u(f) = -39*f - 2093. Calculate u(-53).
-26
Let m(v) = -3*v**2 + 140*v - 1627. Give m(21).
-10
Let v(g) = 9*g**2 - 211*g + 35. Determine v(23).
-57
Let u(r) = -r**3 + 3*r**2 - 613*r + 3095. What is u(5)?
-20
Let d(p) = -52*p + 2882. Calculate d(56).
-30
Let y(z) = -z**2 + 116*z - 874. Calculate y(8).
-10
Let d(q) = 12*q**2 + 19*q - 19. What is d(1)?
12
Let x(g) = 7*g + 152. Give x(16).
264
Let i(g) = 4*g**3 - 2*g**2 + 29*g - 40. Determine i(4).
300
Let m(n) = -793*n + 2381. Determine m(3).
2
Let g(q) = q**2 - 47*q + 454. What is g(28)?
-78
Let j(x) = -15*x - 4. What is j(-1)?
11
Let t(y) = -237*y - 2150. Determine t(-9).
-17
Let j(t) = t**2 + 157*t - 27509. Calculate j(105).
1
Let q(z) = z**3 - 21*z**2 - 57*z + 24. What is q(23)?
-229
Let g(h) = -59*h + 4194. What is g(71)?
5
Let k(p) = 3583*p - 10743. Determine k(3).
6
Let v(r) = -69*r + 308. What is v(10)?
-382
Let c(h) = -h**2 + 43*h - 339. Give c(17).
103
Let p(k) = -35*k - 547. Determine p(-28).
433
Let c(u) = -u**3 - 21*u**2 + 81*u + 206. Give c(-24).
-10
Let w(j) = 2*j**3 - 15*j**2 + 2*j - 12. Give w(0).
-12
Let q(s) = -22*s - 2655. Determine q(-121).
7
Let n(p) = -40*p**2 + 46*p + 101. Give n(-2).
-151
Let m(y) = -427*y**2 + 4*y + 13. Calculate m(0).
13
Let s(h) = -h**2 + 24*h + 33. Calculate s(26).
-19
Let m(h) = -h**3 + 36*h**2 - 64*h + 1140. What is m(35)?
125
Let o(i) = 2*i**2 - 54*i - 99. Calculate o(31).
149
Let w(j) = -20*j + 58. Determine w(3).
-2
Let g(o) = -1513*o**2 + 7564*o. What is g(5)?
-5
Let h(k) = 1010*k + 3977. Determine h(-4).
-63
Let k(x) = -5*x**3 - 5*x**2 + 13*x - 9. Give k(3).
-150
Let k(h) = -7*h**3 + 14*h**2 + 4*h - 8. Give k(5).
-513
Let y(s) = -370*s + 2220. Calculate y(6).
0
Let f(y) = -13*y + 23. What is f(17)?
-198
Let j(l) = -7*l**2 - 6*l + 11. Give j(-2).
-5
Let d(c) = c**3 + 16*c**2 + 28*c + 54. Determine d(-14).
54
Let n(j) = -5*j**3 + 145*j**2 + 67*j - 1940. Give n(29).
3
Let r(v) = -449*v + 4032. What is r(9)?
-9
Let q(g) = 5031*g + 95578. Give q(-19).
-11
Let w(k) = k**3 + 13*k**2 + 41*k + 79. Determine w(-10).
-31
Let t(s) = -79*s - 2284. Give t(-29).
7
Let r(f) = -f**2 - 15*f - 13. Determine r(-5).
37
Let g(u) = -u**3 - 36*u**2 - 213*u - 136. Determine g(-29).
154
Let u(w) = -248*w + 2481. Calculate u(10).
1
Let g(p) = -8*p**2 - 151*p - 215. Calculate g(-17).
40
Let c(u) = -4327*u + 129809. Give c(30).
-1
Let v(f) = 2*f**3 - 38*f**2 + 30*f + 56. Calculate v(18).
-52
Let b(p) = p**3 + 22*p**2 - 45*p + 19. Calculate b(-24).
-53
Let w(c) = -c**3 - 12*c**2 - 24*c - 145. Give w(-11).
-2
Let o(z) = 6*z + 21. Give o(8).
69
Let t(d) = 8374*d + 25125. Determine t(-3).
3
Let b(j) = 143*j + 337. Give b(-2).
51
Let t(p) = 66*p**2 + 1252*p - 41. Determine t(-19).
-3
Let w(m) = -185*m + 49. What is w(-3)?
604
Let f(w) = 4*w**2 - 27*w + 101. Calculate f(5).
66
Let b(u) = 6*u**3 - 314*u**2 + 74*u + 1564. Give b(52).
4
Let u(g) = -386*g - 67549. What is u(-175)?
1
Let r(q) = -q**3 + 52*q**2 - 149*q + 80. What is r(49)?
-18
Let z(a) = -a**2 - 268*a - 6511. Calculate z(-27).
-4
Let g(p) = 18*p + 229. What is g(-16)?
-59
Let u(g) = g - 73. Give u(-33).
-106
Let h(m) = 6*m**2 + 530*m + 200. Give h(-88).
24
Let s(h) = -208*h - 3710. What is s(-18)?
34
Let a(c) = 51*c**2 + 17*c + 28. What is a(-2)?
198
Let l(x) = x**2 - 178*x - 897. Calculate l(-5).
18
Let f(z) = 4*z**2 + 936*z + 4. What is f(0)?
4
Let v(d) = 378*d - 1063. Give v(3).
71
Let m(v) = 4*v**2 - 29*v - 299. What is m(13)?
0
Let y(d) = -10*d - 299. Give y(-30).
1
Let m(s) = -6*s**2 + 6*s - 82. What is m(5)?
-202
Let w(b) = 33*b + 1674. 